{"id":1160,"date":"2023-09-21T14:37:04","date_gmt":"2023-09-21T14:37:04","guid":{"rendered":"https:\/\/utwpab.pl\/nowa-strona\/?page_id=1160"},"modified":"2023-10-02T06:20:41","modified_gmt":"2023-10-02T06:20:41","slug":"hymn-utw","status":"publish","type":"page","link":"https:\/\/utwpab.pl\/index.php\/hymn-utw\/","title":{"rendered":"Hymn UTW"},"content":{"rendered":"\t\t<div data-elementor-type=\"wp-page\" data-elementor-id=\"1160\" class=\"elementor elementor-1160\">\n\t\t\t\t\t\t\t<div class=\"elementor-element elementor-element-cc8ba27 e-con-full e-flex e-con e-parent\" data-id=\"cc8ba27\" data-element_type=\"container\" data-settings=\"{&quot;content_width&quot;:&quot;full&quot;,&quot;background_background&quot;:&quot;classic&quot;}\" data-core-v316-plus=\"true\">\n\t\t\t\t<div class=\"elementor-element elementor-element-546eaee elementor-widget elementor-widget-text-editor\" data-id=\"546eaee\" data-element_type=\"widget\" data-widget_type=\"text-editor.default\">\n\t\t\t\t<div class=\"elementor-widget-container\">\n\t\t\t<style>\/*! elementor - v3.16.0 - 20-09-2023 *\/\n.elementor-widget-text-editor.elementor-drop-cap-view-stacked .elementor-drop-cap{background-color:#69727d;color:#fff}.elementor-widget-text-editor.elementor-drop-cap-view-framed .elementor-drop-cap{color:#69727d;border:3px solid;background-color:transparent}.elementor-widget-text-editor:not(.elementor-drop-cap-view-default) .elementor-drop-cap{margin-top:8px}.elementor-widget-text-editor:not(.elementor-drop-cap-view-default) .elementor-drop-cap-letter{width:1em;height:1em}.elementor-widget-text-editor .elementor-drop-cap{float:left;text-align:center;line-height:1;font-size:50px}.elementor-widget-text-editor .elementor-drop-cap-letter{display:inline-block}<\/style>\t\t\t\t<p>Hymn Uniwersytetu III Wieku<\/p><p>W naszej \u017cycia jesieni wiedza blaski rozchyla.<br \/>Wszystko wok\u00f3\u0142 si\u0119 mieni niby skrzyd\u0142a motyla.<\/p><p>Nim rozkwitniemy majem, nim roz\u015bwietlimy twarz<br \/>Ca\u0142y \u015bwiat b\u0119dzie rajem, ka\u017cdy przyjaciel nasz!<\/p><p>Dzi\u015b nasza Alma Mater spe\u0142nia serca potrzeby,<br \/>Daje rado\u015b\u0107 ostatni\u0105 nim odejdzie w niebyt.<\/p><p>Nim rozkwitniemy majem, nim roz\u015bwietlimy twarz<br \/>Ca\u0142y \u015bwiat b\u0119dzie rajem, ka\u017cdy przyjaciel nasz!<\/p><p>Ch\u0142onni tajnik\u00f3w wiedzy, a tych nam nigdy nie do\u015b\u0107,<br \/>Ka\u017cdy w kr\u0119gu przyjaci\u00f3\u0142 prze\u017cywa drug\u0105 m\u0142odo\u015b\u0107.<\/p><p>Nim rozkwitniemy majem, nim roz\u015bwietlimy twarz<br \/>Ca\u0142y \u015bwiat b\u0119dzie rajem, ka\u017cdy przyjaciel nasz!<br \/><br \/><strong><em>s\u0142owa: T. Konieczna, M. Piotrowski<\/em><\/strong><br \/><strong><em>muzyka: M. Piotrowski<\/em><\/strong><\/p>\t\t\t\t\t\t<\/div>\n\t\t\t\t<\/div>\n\t\t\t\t<\/div>\n\t\t\t\t\t\t\t<\/div>\n\t\t","protected":false},"excerpt":{"rendered":"<p>Hymn Uniwersytetu III Wieku W naszej \u017cycia jesieni wiedza blaski rozchyla.Wszystko wok\u00f3\u0142 si\u0119 mieni niby skrzyd\u0142a motyla. Nim rozkwitniemy majem, nim roz\u015bwietlimy twarzCa\u0142y \u015bwiat b\u0119dzie rajem, ka\u017cdy przyjaciel nasz! Dzi\u015b nasza Alma Mater spe\u0142nia serca potrzeby,Daje rado\u015b\u0107 ostatni\u0105 nim odejdzie w niebyt. Nim rozkwitniemy majem, nim roz\u015bwietlimy twarzCa\u0142y \u015bwiat b\u0119dzie rajem, ka\u017cdy przyjaciel nasz! Ch\u0142onni [&hellip;]<\/p>\n","protected":false},"author":1,"featured_media":0,"parent":0,"menu_order":0,"comment_status":"closed","ping_status":"closed","template":"","meta":{"footnotes":""},"class_list":["post-1160","page","type-page","status-publish","hentry"],"_links":{"self":[{"href":"https:\/\/utwpab.pl\/index.php\/wp-json\/wp\/v2\/pages\/1160","targetHints":{"allow":["GET"]}}],"collection":[{"href":"https:\/\/utwpab.pl\/index.php\/wp-json\/wp\/v2\/pages"}],"about":[{"href":"https:\/\/utwpab.pl\/index.php\/wp-json\/wp\/v2\/types\/page"}],"author":[{"embeddable":true,"href":"https:\/\/utwpab.pl\/index.php\/wp-json\/wp\/v2\/users\/1"}],"replies":[{"embeddable":true,"href":"https:\/\/utwpab.pl\/index.php\/wp-json\/wp\/v2\/comments?post=1160"}],"version-history":[{"count":7,"href":"https:\/\/utwpab.pl\/index.php\/wp-json\/wp\/v2\/pages\/1160\/revisions"}],"predecessor-version":[{"id":1886,"href":"https:\/\/utwpab.pl\/index.php\/wp-json\/wp\/v2\/pages\/1160\/revisions\/1886"}],"wp:attachment":[{"href":"https:\/\/utwpab.pl\/index.php\/wp-json\/wp\/v2\/media?parent=1160"}],"curies":[{"name":"wp","href":"https:\/\/api.w.org\/{rel}","templated":true}]}}

<div data-elementor-type="wp-page" data-elementor-id="1160" class="elementor elementor-1160">
							<div class="elementor-element elementor-element-cc8ba27 e-con-full e-flex e-con e-parent" data-id="cc8ba27" data-element_type="container" data-settings="{&quot;content_width&quot;:&quot;full&quot;,&quot;background_background&quot;:&quot;classic&quot;}" data-core-v316-plus="true">
				<div class="elementor-element elementor-element-546eaee elementor-widget elementor-widget-text-editor" data-id="546eaee" data-element_type="widget" data-widget_type="text-editor.default">
				<div class="elementor-widget-container">
			<style>/*! elementor - v3.16.0 - 20-09-2023 */
.elementor-widget-text-editor.elementor-drop-cap-view-stacked .elementor-drop-cap{background-color:#69727d;color:#fff}.elementor-widget-text-editor.elementor-drop-cap-view-framed .elementor-drop-cap{color:#69727d;border:3px solid;background-color:transparent}.elementor-widget-text-editor:not(.elementor-drop-cap-view-default) .elementor-drop-cap{margin-top:8px}.elementor-widget-text-editor:not(.elementor-drop-cap-view-default) .elementor-drop-cap-letter{width:1em;height:1em}.elementor-widget-text-editor .elementor-drop-cap{float:left;text-align:center;line-height:1;font-size:50px}.elementor-widget-text-editor .elementor-drop-cap-letter{display:inline-block}</style>				<p>Hymn Uniwersytetu III Wieku</p><p>W naszej życia jesieni wiedza blaski rozchyla.<br />Wszystko wokół się mieni niby skrzydła motyla.</p><p>Nim rozkwitniemy majem, nim rozświetlimy twarz<br />Cały świat będzie rajem, każdy przyjaciel nasz!</p><p>Dziś nasza Alma Mater spełnia serca potrzeby,<br />Daje radość ostatnią nim odejdzie w niebyt.</p><p>Nim rozkwitniemy majem, nim rozświetlimy twarz<br />Cały świat będzie rajem, każdy przyjaciel nasz!</p><p>Chłonni tajników wiedzy, a tych nam nigdy nie dość,<br />Każdy w kręgu przyjaciół przeżywa drugą młodość.</p><p>Nim rozkwitniemy majem, nim rozświetlimy twarz<br />Cały świat będzie rajem, każdy przyjaciel nasz!<br /><br /><strong><em>słowa: T. Konieczna, M. Piotrowski</em></strong><br /><strong><em>muzyka: M. Piotrowski</em></strong></p>						</div>
				</div>
				</div>
							</div>

<p>Hymn Uniwersytetu III Wieku W naszej życia jesieni wiedza blaski rozchyla.Wszystko wokół się mieni niby skrzydła motyla. Nim rozkwitniemy majem, nim rozświetlimy twarzCały świat będzie rajem, każdy przyjaciel nasz! Dziś nasza Alma Mater spełnia serca potrzeby,Daje radość ostatnią nim odejdzie w niebyt. Nim rozkwitniemy majem, nim rozświetlimy twarzCały świat będzie rajem, każdy przyjaciel nasz! Chłonni [&hellip;]</p>
